 + 3*g - 2. Calculate r(c).
4
Let x(a) = -2 - 2*a**2 + 0*a + 1 + 2*a + a**3. Let s = -4 - -9. Suppose 5*f = 5*h - 15, s*h - 6 - 3 = -f. Calculate x(h).
3
Let w(x) = -x - 3. Suppose -v + 1 = 0, -3*v = 5*i - 15 + 47. Suppose -4*d = -c + 21, -c = -d + 4*d + 14. Let n = c + i. Determine w(n).
3
Let j(k) = k**3 - 5*k**2 - 5*k - 4. Let h(f) = -2*f**3 - 10*f**2 - 2*f - 1. Let p be h(-5). Suppose 0 = -3*y - 12, -2*y - 41 = -4*w - p. Calculate j(w).
2
Let t(x) = -x**3 + 5*x**2 - x - 2. Let h be 18/36*(3 - (-2 - -1)). Suppose h*w + 3*c = 21, 5*w + 0*c - 20 = -c. Give t(w).
13
Let y = -58 - -104. Suppose 20 = 5*b, -2*i + 0*b + b - y = 0. Let l = i - -18. Let x(z) = 2*z**2 + 4*z + 4. Calculate x(l).
10
Let c(h) = h**2 + 11*h - 3. Suppose 29*q = 43*q + 168. What is c(q)?
9
Let m(h) be the third derivative of h**5/120 - 8*h**3/3 + 10*h**2. Let a(f) be the first derivative of m(f). What is a(0)?
0
Let l = 0 - -2. Let i = 1 + 4. Let z(j) = 3 - j - j - i*j. Determine z(l).
-11
Let a(b) = -5*b**3 - 9*b**2 + 5*b + 14. Let s(p) = 9*p**3 + 17*p**2 - 9*p - 26. Let u(t) = -7*a(t) - 4*s(t). Let q be (6 - 1)*(-1 - 0). Calculate u(q).
1
Let l(u) = -u - 4. Let w(z) = 17*z - 36 - 2*z**2 + 3*z**2 - 4*z. Let b be w(-15). Give l(b).
2
Suppose 2*a = 2 - 0. Let p(j) = j**3 - 10*j**2 - 25*j + 10. Let q be p(12). Let n be -1 + q + (a - 0). Let m(y) = 5*y - 2. Calculate m(n).
-12
Let r = 16 - 23. Let n(f) = -8*f**2 + 1 - 3 + 3 - 12*f - f**3 + 5*f. What is n(r)?
1
Let t(i) = -i**3 + i**2 - 2. Let a(x) = x - 10. Let v be a(20). Let c = -10 + v. Give t(c).
-2
Suppose -4*c = -107 + 55. Let s(m) = m + 7. Let y(g) be the second derivative of -g**3/2 - 15*g**2/2 - g. Let k(j) = c*s(j) + 6*y(j). Calculate k(1).
-4
Let y(p) be the first derivative of p**3/3 - 7*p**2 + p - 1. Let i(z) = -2*z**2 + 27*z - 2. Let m(o) = -6*i(o) - 11*y(o). Let b = -23 - -29. Calculate m(b).
-11
Let b be ((-2)/4)/((-12)/120). Let o(t) = -t**2 + 4*t - 6. Calculate o(b).
-11
Let z(g) = -2*g - 3. Let u(k) = 4*k + 6. Let l(s) = -s**2 + 25*s - 41. Let i be l(23). Let b(o) = i*z(o) + 3*u(o). Calculate b(3).
9
Let o = 11 + 8. Let z = 21 - o. Let c(x) = x**2 + 0*x + x + z*x + 66 - 65. Calculate c(-2).
-1
Let o be (-36)/(-15) + 15/25. Suppose 0 = -u, 6 + 0 = o*b + 2*u. Let x(d) be the first derivative of -d**2/2 + 3. What is x(b)?
-2
Let y = 12 - 18. Let w be 2/y - (-12)/9. Let d(q) = -3*q + 2. Let s(t) = 5*t - 5. Let c(r) = -5*d(r) - 2*s(r). Calculate c(w).
5
Suppose 24 + 6 = 2*m. Suppose -2*d - 9 = -m. Let y(o) = -o + 6 - o - 4. Give y(d).
-4
Let y(j) = j**3 - j**2 - j - 7. Let d be 9/(-6) - 63/(-42). What is y(d)?
-7
Let d(a) = 5*a - 14. Let x = 7 + -4. Let h be d(x). Let l(f) = -2*f**3 + f**2 + f - 1. Calculate l(h).
-1
Let y(h) = 4 - 4 - h + 0. Let m = 544 + -548. Calculate y(m).
4
Let m(r) = -r**2 + 4*r - 5. Let u(w) be the second derivative of -2*w**3 - w**2 + 2*w. Let n be u(-1). Let h be (-2)/n + (-231)/(-55). Give m(h).
-5
Let x(p) = -2 + p**2 - 2 + 1 - 2 - 8*p. Let f(g) = g**2 - 9*g + 16. Let u be f(8). Give x(u).
-5
Suppose -b - k - 3*k = 19, -4*b - k - 16 = 0. Let w(p) = -2*p**2 - 2*p - 3. What is w(b)?
-15
Let t(n) = n**2 - 5*n + 6. Let g(c) be the second derivative of -c**4/6 + c**3 - 7*c**2/2 - 7*c. Let o(q) = -2*g(q) - 3*t(q). Calculate o(-5).
6
Let j(a) = 5*a**2 - 7*a - 11. Let u(x) = x**2 - 3*x - 3. Let h(k) = -j(k) + 4*u(k). Let f = -8 - -4. Give h(f).
3
Let a = -418 + 1030. Let l(w) = -6*w + 0*w**2 - a + 613 + 6*w**2 + w**3. Determine l(-7).
-6
Let x(l) = 2 + 0*l**2 - 3*l**2 + 58*l - 55*l. Calculate x(-1).
-4
Let x(g) = 3*g + 3. Let l = 22 + 2. Let r = l - 26. Give x(r).
-3
Let n(i) be the third derivative of -1/120*i**5 + 0 - 3/8*i**4 + 11/6*i**3 + 11*i**2 + 0*i. Let o(s) be the first derivative of n(s). Determine o(0).
-9
Let i(v) = 2*v**3 + 3*v**2 + 2*v + 1. Let y(k) = -k**3 - 10*k**2 + 9*k - 24. Let q(n) = n**3 - 4*n**2 - 4*n + 5. Let g be q(2). Let d be y(g). What is i(d)?
-7
Let d = 3 + -3. Let n = d - 3. Let z(k) = -3*k + 2*k**2 + 2*k**3 + 14213 - k**3 - 14213. Give z(n).
0
Let j(f) be the first derivative of 9*f**2 - 2*f - 323. Calculate j(1).
16
Let w(k) be the third derivative of k**6/60 + k**5/30 - k**3/6 + k**2 + 18. Give w(1).
3
Let h(v) be the first derivative of -9/20*v**5 + 0*v**2 - 1/12*v**4 + 0*v**3 - 9*v + 6. Let y(q) be the first derivative of h(q). Determine y(-1).
8
Suppose 4*s - 6*s - 3*g + 2 = 0, 5*s = -g + 31. Let f be -10 + (s - (5 + -1)). Let n(k) = k + 6. What is n(f)?
-1
Let y(n) = n**2 + 4*n + 3. Let p be (-2)/9 - 616/63. Let j = -10 - p. Suppose 0 = -j*u + 4*u + 16. Give y(u).
3
Let s(g) = -g + 5. Let v(i) = -2*i**3 - 2*i**2 + 3*i + 2. Let x = 13 - 15. Let h be v(x). Let c be (h/(-3))/((-12)/(-54)). Determine s(c).
11
Let d(b) = 4*b + 3. Let n(g) = 5*g + 4. Let t(x) = 4*d(x) - 3*n(x). Let u(h) = -h**2 - 4*h + 2. Let s(a) = t(a) + u(a). Give s(-3).
2
Let v(k) = k - 4. Suppose -5*n + 25 = -20*b + 17*b, -5*n - b + 5 = 0. What is v(n)?
-2
Let f(g) = -2*g - 4. Let c be f(3). Let t be (-102)/(-5) - (-4)/c. Suppose 0 = -4*l + t. Let r(m) = -m**3 + 4*m**2 + 6*m - 5. Calculate r(l).
0
Let d(p) = p + 7. Let g(n) be the third derivative of -n**5/60 + n**4/8 + 2*n**3/3 + 7*n**2. Let r be g(-2). Determine d(r).
1
Let c(w) = -2*w + 4*w**2 - 11 + 15*w**2 - 14*w**2 + 13. What is c(1)?
5
Suppose 22*d + 2*f - 28 = 19*d, 6 = 2*d - 5*f. Let u(s) = -3*s + 13. What is u(d)?
-11
Let x(t) = -23*t + 16. Let z(s) = 16*s - 11. Let w(r) = 5*x(r) + 7*z(r). What is w(3)?
-6
Let m(y) be the first derivative of 5/3*y**3 + 0*y**2 - 4*y + 7 + 1/4*y**4. Suppose 3*g = -h - 10, 0 = -g - 6*h + h + 20. Determine m(g).
-4
Let b be -4 - ((-2 - 1) + 2). Let o be ((-3)/9 + 0)*b. Let z(r) = -3*r - o + 3*r - r - 3. What is z(-4)?
0
Let m(n) = 25*n**2 + 4*n - 1. Let a(o) = o**2 + o. Suppose 2*q - 5 = -3. Let v(x) = q*m(x) - 4*a(x). Give v(-1).
20
Let v be (-73)/876 + (-37)/(-12). Let h(q) = q**2. What is h(v)?
9
Let y(f) = -f**2. Let z(u) = -7*u**2 - u - 1. Let q(w) = w**2 - 6*w + 5. Let r be q(4). Let c(p) = r*y(p) + z(p). Determine c(-2).
-15
Let a(m) be the second derivative of -m**4/12 - m**3/6 - 5*m**2 - 5*m. Let w = -206 - -206. Determine a(w).
-10
Let j(i) = 17*i - 5. Let k(d) = 222*d - 66. Let p(a) = -27*j(a) + 2*k(a). Give p(1).
-12
Let q be 4/10 + (-405)/75. Let t(f) = -f**2 - 5*f + 13. Let k(y) = y**2 + 8*y - 19. Let p(v) = q*k(v) - 7*t(v). Let h be (-26)/(-10) + 2/5. What is p(h)?
7
Let s = -35 - -53. Let i = -28 + s. Let b be (5 - -1)*5/i. Let d(r) = -2*r**2 - 2*r + 4. Calculate d(b).
-8
Let a(r) = 11 - 8*r**2 + 6 + 5*r + 244*r**3 - 125*r**3 - 118*r**3. Determine a(7).
3
Suppose -43*m = -42*m - 8. Let l(c) = c**2 - 4*c - 3 + m*c - 7*c. Calculate l(4).
1
Let r(v) be the second derivative of v**5/20 - v**4/2 - v**3/3 - v**2/2 + 197*v. What is r(6)?
-13
Let h(z) be the third derivative of z**6/15 - z**5/60 - z**4/3 - z**3 - z**2. Let f(l) = -3*l**3 + 3*l + 2. Let d(c) = -11*f(c) - 4*h(c). Give d(-4).
6
Let r(b) = -b - 3. Let s be r(-7). Suppose -f - 3*g - 6 = -2*g, -4*f = -s*g + 40. Let n(w) = -w**2 - 8*w + 6. Give n(f).
6
Let o(r) be the first derivative of 0*r - 1/6*r**3 - 1/24*r**4 - 2*r**2 - 6 + 1/5*r**5. Let h(b) be the second derivative of o(b). What is h(-1)?
12
Let x(d) = -16 - 6 - 16 + 4 + d**2 - 31*d. What is x(32)?
-2
Let c(v) = v**3 - 7*v**2 - 3*v - 7. Let o(k) = -22*k**3 + 2*k**2 + 2*k. Let z be o(-1). Suppose -5*x + 18 + z = -2*f, -3*f - 16 = -2*x. Determine c(x).
33
Let c(s) = 31*s - 18. Let m(p) = 11*p - 7. Let v(h) = 6*c(h) - 17*m(h). Determine v(4).
7
Let k(d) = d + 14. Let p(t) = -7*t - 83. Let c be p(-11). Determine k(c).
8
Let s(b) = -31 + 2 - 4*b + 6*b - 3*b + 10. Calculate s(-8).
-11
Let v(g) = 2*g**2 - 12*g + 13. Let a(w) = -w**2 + 10*w - 12. Let y(x) = -3*a(x) - 2*v(x). Give y(-7).
3
Let p(t) = 2*t**2 + 138*t**3 - t**2 - 281*t**3 + 142*t**3. Let w(v) = -v**3 + 7*v**2 - 5*v - 6. Let u be w(6). What is p(u)?
0
Let h(t) = -t - 1. Let r = 16 + -4. Suppose 0 = -2*x - g, 9*x = 5*x - 5*g + r. What is h(x)?
1
Let c be 9/4 + ((-156)/16)/(-13). Let y(v) = 15*v**2 - 3*v**2 - 9 - 10*v - 2*v**3 - 7*v**2 + c*v**3. Determine y(-6).
15
Let l(f) = f**3 + 5*f**2 + 6*f + 1. Suppose -2*i - 30 = 2*k - 4*k, -36 = -4*k - 4*i. Let s be (5 - -2)*k/7. Let m = -16 + s. What is l(m)?
-7
Suppose 12*r =